 - 1/3*w**3 + 5/2*w**2 - 2. Determine s(i).
-7
Let j(h) be the second derivative of -h**4/12 - 2*h**3 - 3*h**2/2 + 136*h. Give j(-11).
8
Suppose 0 = -2*l - 4*g - 12, 2*g = 209*l - 207*l - 18. Let p(v) = -v + 9. Let r(z) = -3*z + 26. Let y(b) = 17*p(b) - 6*r(b). Give y(l).
1
Let d(l) = -l**2 + 17*l - 1. Let r be d(17). Let y(n) = n**2 + 8*n + 4. Let u(q) = -q - 1. Let f(t) = r*y(t) - 3*u(t). Calculate f(-5).
-1
Let u(l) = 21204*l**2 - 2 + l - 21205*l**2 + 2. Determine u(3).
-6
Let h(j) = j**2 - 8*j + 4. Suppose 34 - 210 = -16*x. What is h(x)?
37
Let c = -10 + 14. Suppose -2*j = -4*l + 30, 2*j - c*j = -l + 15. Let g(a) = 2*a + 7. Give g(j).
-3
Let o(w) be the third derivative of w**6/120 - 2*w**5/15 + w**4/3 - w**3 + 2*w**2 - 78. Calculate o(5).
-41
Let v(p) = -2*p**2 - 9*p - 2. Let m(y) = y**3 - 4*y**2 - 3*y - 16. Let o be m(5). What is v(o)?
-20
Let m(a) = a**3 - 15*a**2 + 14*a + 13. Suppose -62 = -5*u + 4*j, 2*j + 96 = 5*u + 30. Determine m(u).
13
Let g(p) = p**3 + p**2 - 5*p - 4. Suppose -2*r + 35 = -7*r. Let w = r + 14. Let z = -10 + w. Calculate g(z).
-7
Let s(d) be the first derivative of d**4/4 + 5*d**3/3 + 5*d**2/2 - d - 730. Let x be (-2)/(-1) - 2*3. Determine s(x).
-5
Let g(w) = w - 1. Let r(j) = -j**2 + 2. Let f be r(4). Let k be f/(-10) + (-3)/(-5). Suppose 3*x - k = 1. What is g(x)?
0
Let p(t) = -3*t + 2. Let q(m) be the third derivative of 5*m**4/8 - 3*m**3/2 + 11*m**2. Let i(g) = 11*p(g) + 2*q(g). Give i(4).
-8
Let i(s) be the third derivative of 0 + 0*s + 1/6*s**4 + 1/2*s**3 - 29*s**2. Suppose 7 = -2*a + 3. Calculate i(a).
-5
Let i(r) = r + 1. Let j(c) = -3*c + 4. Let t = -31 + 30. Let l(h) = t*j(h) + 3*i(h). Calculate l(3).
17
Let o(t) = -t + 1. Let q = -485 - -490. Determine o(q).
-4
Suppose q - 5 = -3*l, 10*l - 1 = -2*q + 13*l. Let n(k) = -k**3 + 2*k**2 - k - 2. Calculate n(q).
-4
Let p(g) be the first derivative of -g**3/3 + 3*g**2/2 + g + 1. Let u(z) = -6*z + 4*z + z. Let h(v) = -3*p(v) - 7*u(v). Give h(-2).
13
Let r = 47 - 42. Let g(y) = 4*y - 4*y**2 + 14*y**2 + 6 - y**3 + 0 - r*y**2. Determine g(6).
-6
Let u(l) = -4*l + 11*l + 2 - l - 8*l. Give u(4).
-6
Let r be ((-24)/3)/(-8)*8. Let c(m) = m**3 - 8*m**2 - m + 5. Give c(r).
-3
Suppose -5*h = -5*f, -f = -3*f + 10. Let r(d) be the first derivative of -1/2*d**2 - 15 + 0*d. What is r(h)?
-5
Suppose -2*h - h - 3 = 0. Let j(b) = -12*b**3 + 0*b**2 + 1323*b + 1 - 660*b + 2*b**2 - 661*b. What is j(h)?
13
Let s(h) = -5*h + 14. Suppose 28 = 4*k + 2*z, 2*z - 5 - 3 = 0. Let x(n) = -4*n - 1 + 15 - 1. Let c(u) = k*s(u) - 6*x(u). Determine c(-5).
-3
Let s(x) be the second derivative of -x**5/20 + 7*x**4/4 + x**3/6 - 15*x**2 - 186*x. Calculate s(21).
-9
Let j(f) = -5*f**2 - 23. Let g(q) = 3*q**2 + 15. Let x(m) = 8*g(m) + 5*j(m). Let o = 11 + -6. Suppose -2*k - 3*k = 3*c + 15, -c - o = -4*k. Give x(k).
5
Let j = 43 + -25. Let h = 12 - j. Let i(o) = -o**2 + 14 - 15 + 2*o**2 + 7*o. Give i(h).
-7
Let p(o) = -o**2 + 6*o + 2. Suppose 5*c - 4*d - 12 = 3*c, d = -c + 6. What is p(c)?
2
Let s be 3 + 1 + -3 + -1. Suppose 3*w + 2*t = -w - 10, s = -w + 3*t + 15. Let k(x) = 3 - x + 0 + w. Calculate k(-7).
10
Let v(r) = -3*r**2 + 5*r - 2. Let u be v(2). Let x = u - -9. Let m(a) = 2*a + 5. Calculate m(x).
15
Let r(l) = -l**2 + 6*l. Let o(x) = -2*x - 1. Let b be o(1). Let y be 2 + (-10)/b - (-8)/(-24). Calculate r(y).
5
Let n(k) = 8*k. Let c = -170 + 168. Determine n(c).
-16
Let r(q) be the third derivative of -q**5/60 - q**4/6 + 7*q**3/6 + 2*q**2 + 52*q. Calculate r(-8).
-25
Let i be (-3)/(60/(-8))*(-40)/(-16). Let b be ((-1)/(-2))/(2/8). Let d(h) = h - 12*h**3 + b*h - 2*h. Give d(i).
-11
Let g(b) = -b - 3. Let z = 52 - 36. Suppose -3*n + 3*k + 6 = -6, -4*k = n + z. Suppose n = 2*i - 3*v + 3, -7*v + 4 = -3*i - 2*v. Calculate g(i).
0
Let q(z) be the third derivative of -z**6/120 + 3*z**5/20 - 2*z**4/3 + 2*z**3 + 340*z**2. Calculate q(7).
-2
Suppose 13 = -5*j - 3*i, 4*j = 2*j + 3*i - 1. Let z(q) = 1772 - 835 - q**2 - 936 + q. What is z(j)?
-5
Let i(z) = z - 2. Let r be i(7). Let g = -22 - -24. Let c(u) = -2*u - g - 27*u**3 + 5*u**2 + 26*u**3 + u. What is c(r)?
-7
Suppose 3*s - 3*o - 18 = 0, 0 = s - 4*s - 4*o - 17. Let u(v) = 72*v**2 - 1 - 3*v**3 - 70*v**2 + 201*v - 201*v. Calculate u(s).
-2
Suppose -7*f - 34 = -9*f. Let a(m) = -1 + 1 - 5*m. Let h(w) = -14*w. Let g(x) = f*a(x) - 6*h(x). Determine g(0).
0
Let p(h) = h**2 - 26*h + 5. Let r(v) = -2*v**2 + 59*v - 9. Let l(x) = 11*p(x) + 5*r(x). Suppose 32 = -5*n - 3. Calculate l(n).
-4
Let v(b) be the third derivative of -1/120*b**6 - 1/60*b**5 + 0 + 1/24*b**4 - 5/6*b**3 + 12*b**2 + 0*b. Let l = 2 + -2. Calculate v(l).
-5
Let m be 2 - -4*4/(-8). Suppose -10 = -m*n - 5*n. Let a(d) = 4*d. Give a(n).
8
Let g(z) = z + 4. Let w be (-7)/(-5) - (-1)/((-30)/12). Let s be (-14)/(-49) + (w - (-51)/(-7)). Give g(s).
-2
Let f be (-7)/((-140)/8) + 12/(-30). Let l(z) be the third derivative of f + 9*z**2 + 1/12*z**4 + 0*z - 2/3*z**3. Give l(-4).
-12
Let a(j) be the third derivative of j**6/120 + j**5/10 - j**4/24 + 2*j**3/3 + j**2 - 4. Give a(-6).
10
Let y(s) be the second derivative of s**3/2 + 3*s**2 + 2*s. Let g be (-130)/18 - -5*(-2)/(-45). What is y(g)?
-15
Let n(d) = -3807*d**2 - d**3 + 2 + 5*d + 2 + 3803*d**2. Give n(-5).
4
Let a(g) = -3*g**2 - 14. Let q(f) = 2*f**2 + f + 13. Let d(w) = -3*a(w) - 4*q(w). Suppose 0*k = -4*k + 28. What is d(k)?
11
Let m(n) = 4*n**3 + n**2 - 10. Let k(q) = 9*q**3 + 3*q**2 + q - 23. Let b(l) = -3*k(l) + 7*m(l). Let h = -4 - -4. Let j be 4 - h - (0 + 1). Give b(j).
-1
Let y(p) be the second derivative of p**5/20 - p**4/4 + p**3/6 + 3*p**2 - 6*p - 8. Give y(0).
6
Let v be ((-6)/(-2))/((-2)/(-4)). Let n(r) be the third derivative of r**5/60 - r**4/3 + 3*r**3/2 + 338*r**2. Calculate n(v).
-3
Let z = -201 + 197. Let b(l) be the first derivative of l**3/3 + 7*l**2/2 + 5*l + 2. Calculate b(z).
-7
Let m(i) = 2*i**2 + 2*i - 36. Let r(y) = -y**2 - y + 19. Let f(d) = 6*m(d) + 11*r(d). Calculate f(0).
-7
Let x(q) = q**2 - 4*q - 8. Let p be ((-45)/(-6) + 4)*-2. Let r = p + 34. Let f = r - 5. Determine x(f).
4
Suppose -15 = -8*n + 9. Let q(v) = -4*v + 3*v + n*v + 0*v - 1. Give q(5).
9
Let h(x) be the first derivative of 2*x**2 + 5*x + 4. Let g(b) = -b**3 - 14*b**2 + 13*b - 35. Let c be g(-15). Calculate h(c).
-15
Suppose 3*z - 4*q + 14 = 6*z, 5*z + 25 = 3*q. Let m(b) = -4*b**2 + 2*b. What is m(z)?
-20
Let k(t) = -t - 1. Let d(j) = 167*j - 82*j - 81*j + 3. Let h(a) = -d(a) - 6*k(a). Determine h(-2).
-1
Suppose 0 = -26*w + 226 - 44. Let v(d) = -6*d + 50. Give v(w).
8
Let c(q) = q**3 - 8*q**2 + 8*q. Suppose 2*h + 3*x = -3, h + 50*x + 4 = 48*x. Determine c(h).
-24
Let g(i) = i**3 + 9*i**2 - 8*i + 11. Let p be (-104)/26*30/12. What is g(p)?
-9
Let c(h) = h. Let w be c(-1). Let z(s) be the second derivative of s**5/20 - 35*s**3/6 - 28*s. Let v(q) be the second derivative of z(q). What is v(w)?
-6
Let c(y) = -y**3 - 3*y**2 - 3*y - 3. Let d = 33 + -29. Suppose d*k + 2 + 6 = 0. Calculate c(k).
-1
Suppose 23*j + 139 + 45 = 0. Let a(d) = d**3 + 1 - 7*d + 7*d**2 + 0 + 2. Give a(j).
-5
Let j(p) = -p**2 + 6*p - 4. Suppose -30 = -4*v + 5*g, -3*g - 9 = 2*v - 35. Let r be v*(-3)/((-45)/6) + 1. Give j(r).
1
Suppose -2*r - 4*x - 1 = -9, -6 = -2*x. Let b(o) = o + 4. Let z be b(r). Let l(k) = 4*k**z - 4*k**3 + 3*k**3 + 3*k + 4*k**3 - 2*k**3. Determine l(-2).
2
Let w(s) = s**3 - 10*s**2 + 14*s - 11. Let t(v) = 16*v - 39. Let b be t(3). Calculate w(b).
34
Suppose 2*s + 8 = 4*s. Suppose s*f - 7 = 2*o - 1, 4*o = -5*f + 27. Let r(m) = 8*m**2 + f*m + m - 6*m**2. Determine r(-3).
6
Let v(o) = 5*o**2 - 16*o + 19. Let b(w) = 14*w**2 - 45*w + 55. Let p(n) = -6*b(n) + 17*v(n). Calculate p(6).
17
Suppose 3*u - 26 = -5*q, 4*u + q + 4 = 4*q. Suppose -5*d + u*g - 11 + 51 = 0, 25 = -5*g. Let p(s) = -s**3 + 5*s**2 + 4*s + 7. Calculate p(d).
-5
Let g(n) = -n**3 + 9*n**2 - 8*n - 8. Suppose -16*a = -20*a + 304. Let d = -68 + a. Give g(d).
-8
Let k(t) be the first derivative of -t**6/360 + t**5/30 + 3*t**4/8 - 11*t**3/3 + 14. Let h(z) be the third derivative of k(z). Give h(7).
-12
Let y(k) = -5*k - 1. Let f be 498/14 + 4/(-7). Let m = f - 33. Calculate y(m).
-11
Let w(u) = 7*u**2 + 4*u - 5. Let f(h) = -6*h**2 - 3*h + 4. Suppose 4*d - 24 = 4*p, d - 13 = 2*p - 2*d. Let b(y) = p*w(y) - 6*f(